d**2 - 4 - 29*d. What is r(-5)?
1
Let o(z) = 25*z + 1052. Let d be o(-40). Let h(n) = -n**3 + 50*n**2 + 103*n + 35. Give h(d).
-17
Let f(a) = a**3 + 7*a**2 - 10*a - 8. Suppose 27*l = 385 - 88. Suppose l*x = 23*x + 96. What is f(x)?
8
Let b(q) = -10*q**2 - q. Let k(p) = -16*p**2 - 11*p + 22. Let a(d) = -2*b(d) + k(d). What is a(6)?
112
Let p(i) = -67 + 116 - 56 - 11 - 2*i - 71. What is p(-32)?
-25
Let r be 1 - 4/10 - 34/(-10). Suppose -4*f + 38 = -3*w, -5*f - r*w + 57 = -3*w. Let c(g) = -3*g**2 + f + 3*g + 1 - 4 - 4. What is c(3)?
-14
Suppose 2*h + u = -1 - 2, 6 = -2*h - 2*u. Let g(o) be the third derivative of 39*o**2 + 0 - 1/60*o**5 + 0*o - 1/3*o**3 - 1/120*o**6 - 1/24*o**4. Determine g(h).
-2
Suppose w = -k - 595, -30*k = 5*w - 33*k + 2991. Let b = -603 - w. Let f(q) = -q**3 - 5*q**2 + 7*q - 4. Determine f(b).
-10
Let x(p) = 7*p**2 - 9*p + 15. Let m be x(5). Let y(h) = -h - 71 - 74 + m - h**3 - 4*h**2. Determine y(-2).
-6
Suppose 4*n - k - 12 = 0, -5*n - 3*k - 2 = -0. Let t(d) = 0 + d**n + 37*d - 3 - 32*d + 0. Let y = 18 - 25. Determine t(y).
11
Let v be 4*1 + (-15 - -11) + -3. Let f(i) = 2*i**3 + 2*i**2 - 7*i - 8. What is f(v)?
-23
Let m(k) = -k**2 + 6*k - 7. Let i(p) = -p**3 + 18*p**2 + 37*p - 1. Let u be i(-2). Give m(u).
-2
Let r(t) = -t + 13. Let p(v) = 22*v - 66. Let x be p(5). Suppose x = 13*b - 9*b. Give r(b).
2
Let m(v) be the first derivative of -v**3/3 + 5*v**2/2 - 4*v - 18. Suppose 8*n - 7*n = 2*u - 1, -9 = -3*u. Suppose -16 - 4 = -n*l. Calculate m(l).
0
Let q be 1*(1 - (-2 - -1)). Suppose -q*f - 6 = -5*f. Let p(k) be the third derivative of k**6/30 - k**5/20 - k**4/24 + k**3/3 - k**2 - 23. What is p(f)?
20
Let k be (72/(-27))/(-2 - (-4)/3). Let d(a) = 2*a - 30. Let z(o) = o - 16. Let t(w) = k*d(w) - 7*z(w). Calculate t(11).
3
Let g = -29 - -18. Let u(v) = -5*v + 12*v + 6078351 + v**2 - 6078352. Calculate u(g).
43
Let h(d) = 2*d - 20. Let u be h(12). Let j(i) be the third derivative of i**4/8 - i**3/3 - 14*i**2 + 111. Determine j(u).
10
Let h(x) = 19*x**3 - 3*x**2 - x + 1. Suppose 4*l - 4*a = 0, -3*a + 12 + 9 = 24. Give h(l).
-20
Suppose -4*g = -0*u - u - 1, -u + 8 = 5*g. Let t(c) = -3*c + 4. Let z(l) = 3*l - 5. Let n(y) = -5*t(y) - 4*z(y). Calculate n(g).
3
Let p(x) = x + 3. Let i(j) = -2*j - 22. Let s be i(-9). Let q(y) = -2*y - 4. Let b(k) = s*q(k) - 5*p(k). What is b(-8)?
-23
Let t(q) = q**2 + 5*q + 4. Suppose 35 + 7 = 3*r. Suppose 5*k = 3*m - 41, m + r = -2*k + 3*m. Let f = 4 + k. Give t(f).
10
Let j(a) be the second derivative of 7*a**3/6 + 10*a**2 - 2*a - 3385. Give j(-6).
-22
Let h(d) = -4*d**3 - 112*d**2 + 2*d + 63. Let q be h(-28). Let v(n) = n**3 - 6*n**2 - 4*n - 5. Calculate v(q).
16
Let p(l) be the second derivative of -l**4/24 - l**3/2 - 3*l**2 - 2*l + 7. Let g(a) be the first derivative of p(a). Determine g(-2).
-1
Suppose 5*v + 18 = 58. Let c(n) = n + 1. Let i(k) = -2*k + 20. Let m(p) = 4*p - 21. Let t(x) = 4*i(x) + 3*m(x). Let o(b) = 6*c(b) - t(b). What is o(v)?
5
Let z(t) = t**2 + 5*t + 6. Let n be z(-3). Let f(j) = -9*j + n*j - 4*j. What is f(-1)?
13
Let s(d) be the second derivative of 9*d**4/2 + d**3/6 - d**2 - 321*d + 1. What is s(1)?
53
Suppose -76*p - 18 = -29*p + 734. Let k(y) = 2*y - 8. Determine k(p).
-40
Let k(h) = -5*h**3 - 2*h**2 - 17. Let t(b) = 4*b**2 - 2*b - 5. Let x be t(2). Let y(z) = 3*z**3 + z**2 + 8. Let p(n) = x*y(n) + 4*k(n). Calculate p(0).
-12
Let z(a) = -a**3 + 6*a**2 - a - 13. Let s = -462 + 467. Suppose -5*o + s = 5*x, -2*o - 3*o = -4*x - 41. Calculate z(o).
7
Suppose 319 - 263 = 155*v - 564. Let g(x) = -3*x + 18. What is g(v)?
6
Let k(h) = 276*h - 2 - 49*h - h**3 - 226*h. What is k(1)?
-2
Let x(u) be the third derivative of -u**4/4 + u**3/2 + 15*u**2 - 1. Let i be (-13)/(-26)*4*-1. Calculate x(i).
15
Let o(w) be the third derivative of 11*w**4/24 + w**3/2 + 341*w**2. Determine o(-4).
-41
Let p(i) be the first derivative of -7*i**2 + i**2 - 114 - 3*i**2 - 16*i + 10*i**2. Calculate p(9).
2
Let h(i) = -15*i**2 + i - 1. Suppose 31 = -5*y + 61. Suppose y*f - 11*f + 20 = 0, 22 = 2*m + 5*f. Determine h(m).
-15
Let v(x) = -8*x + 106. Let l(b) = 4. Let k(u) = -3*l(u) + v(u). Determine k(6).
46
Let q(r) = 22*r**2 - r. Suppose -16*f + 35*f = 0. Suppose 5*a - 3*w = -8*w - 15, f = -2*a - w - 4. Calculate q(a).
23
Let b(o) = -o. Let j(v) = -3*v**2 + 68*v - 18. Let c(m) = -5*b(m) + j(m). Give c(24).
6
Suppose -6*s + 2*s + 5 = -3*c, -c - 3 = -2*s. Let r(y) be the second derivative of -3*y**5/20 + y**4/12 - y**3/2 + 3*y**2/2 + 201*y. What is r(s)?
-23
Suppose 2*t + 192 = 4*w, -t = 5*w - 349 + 109. Suppose -w = 27*k - 33*k. Let d(i) = -i**3 + 7*i**2 + 9*i - 8. Give d(k).
0
Let p(m) = m**3 - m**2 - 2*m - 1. Let n(z) = 2*z**2 + 53*z + 19. Let u be n(-26). Let v be (0 + 2/u)/(35/(-245)). Determine p(v).
-1
Suppose v - 5*k + 2 = 0, 4*v - 9*v = -3*k + 10. Let f(b) = 10*b**3 - 3*b**2 + 5. What is f(v)?
-87
Let g(h) be the third derivative of -h**4/8 + h**3 - 341*h**2. Calculate g(0).
6
Let v(x) = -4*x**3 - x**2 + 2*x - 1. Let l(q) = 7*q - 53. Let g be l(-16). Let j = g + 166. Calculate v(j).
-4
Suppose -4*x + 33 = -5*m, 1 = -2*x - 5*m + 10. Let l(z) = z**3 + z**2 + 1. Let d(b) = 7*b**2 + 8*b + 8. Let k(o) = d(o) - l(o). What is k(x)?
14
Let i(g) = -2*g**2 - 2*g + 2. Let b be (-3*28/105)/((-4)/10). Give i(b).
-10
Let t(d) = -d**3 - 3*d**2 + 2. Let x = -77 - -91. Suppose -8 = -10*g + x*g. Calculate t(g).
-2
Let r(q) = 3*q**2 - 2*q**2 + 0*q**2 + 7 - 13*q. Let d(y) = -2*y**2 + 166*y - 313. Let j be d(81). Determine r(j).
-15
Let k(z) be the third derivative of z**5/15 - z**4/8 - z**3/6 - 60*z**2 + 2*z. Let s be (-6)/(-18)*(-3 + 0). Calculate k(s).
6
Let v(j) be the third derivative of j**6/120 - j**5/3 + 3*j**4/4 + j**3/3 + 1704*j**2. Calculate v(19).
-17
Let w(f) = -f**2 - 6*f + 6. Let j(v) = -5*v**2 - 23*v + 25. Let m(t) = 2*j(t) - 9*w(t). Let q(h) = 4*h**3 - 12*h**2 - 69*h + 214. Let l be q(3). What is m(l)?
3
Suppose 8184*v = 8158*v + 26. Let c(i) = 4*i - 11. What is c(v)?
-7
Let n = -8 + 2. Let h(u) = -5*u - 3. Let x(a) = 6*a - 2. Let y(d) = -6*d + 1. Let b(z) = 2*x(z) + 3*y(z). Let o(f) = 2*b(f) - 3*h(f). What is o(n)?
-11
Let z = -108 - -115. Suppose -11*f + z = -c - 16*f, -21 = 3*c + f. Let d(x) = x**2 + 5*x + 2. Give d(c).
16
Suppose 15 = -2*m + 5. Suppose 3*r - r - 4 = 4*a, -r + 2 = -a. Let q(y) = 4 + 24*y - r - 22*y. What is q(m)?
-8
Let l = 2 - 1. Suppose 0 = -2*g + 5*g + 2*u - 125, 5*u = 3*g - 118. Let y(b) = g*b + 34*b - 76*b. Calculate y(l).
-1
Let n(c) = -c**2 - 16*c - 22. Let v(s) = -s**3 + 32*s**2 - 2*s + 72. Let h be v(32). Let w(g) = -15*g + 106. Let o be w(h). Give n(o).
6
Let g(i) be the third derivative of i**6/720 + 3*i**5/20 + 13*i**4/24 - 2*i**3/3 - 137*i**2. Let d(c) be the second derivative of g(c). Give d(-13).
5
Let p(u) = -2*u**3 - 18*u**2 - 4*u + 19. Let y be p(-9). Let k = y - 48. Let h(o) be the second derivative of -o**3/6 - o**2/2 - 4*o. What is h(k)?
-8
Let b(r) = r**2 + 5*r + 2. Let v be 0/2 - (20 + -292). Suppose v*m + 6 = 270*m. Give b(m).
-4
Let m(s) = 6*s**2 + 7*s**2 - 12*s**2 - 9730 + 7*s + 9737. Let h = 4 + -7. Determine m(h).
-5
Let o(p) = 3*p - 6*p - 1885 + 1867. Calculate o(-6).
0
Let r(d) = d**3 + 5*d**2 + 4*d - 4. Let w be r(-2). Let k(p) = 2 - 2*p - 7 + w + 1. Give k(-5).
6
Let g(r) = -28*r - 2. Let n(j) = -42*j + 74. Let x(u) = 2*g(u) - n(u). Calculate x(-6).
6
Let j(v) = -3*v - 11. Let x be (1/3)/(232/(-4872)). Give j(x).
10
Let v(f) = -f**3 + 3*f**2 + 19*f - 2. Suppose -51*m - 114 = -115*m + 45*m. Give v(m).
4
Suppose 4*v = 2*a + 8, -4*a + 2*a + v = -1. Let m(x) = -4 + 4*x**2 - 1 - 3*x**3 + 2 + 1 - a*x. Let g = -7824 - -7826. Determine m(g).
-14
Let w(v) = 10*v + 2. Suppose 120 = 9*s + 11*s. Suppose 150*j = 148*j + s. Give w(j).
32
Let p(b) be the second derivative of b**5/20 - 3*b**4/4 - 5*b**3/3 + 3*b**2/2 + 296*b. Let y(z) = 2*z + 10. Let d be y(0). What is p(d)?
3
Let u(p) = 3 - 4*p + 2*p - 8*p + 12*p - 4. Suppose 2*r - 7 + 1 = 0. Suppose 10 + 2 = r*f. Give u(f).
7
Let s(m) = -50*m**2 + 16*m + 17. Let k(d) = 8*d**2 + 2*d - 1. Let r(i) = 6*k(i) + s(i). Determine r(14).
11
Let b(k) = 3*k**3 - 203*k**2 - 69*k + 68. Let o be b(68). Let d(s) = -s**3 + s**2 - s - 10. Give d(o).
-10
Let w be -8 + -1 - (-98 - -91). Let t(j) = j + 8. Determine t(w).
6
Let l(h)